 of d?
4
Let d = 7 + -3. Let j(x) = d*x + 3*x**2 - 2*x - x. What is the tens digit of j(2)?
1
Let w(l) be the first derivative of -1/2*l**2 + 7*l + 2. What is the tens digit of w(-5)?
1
Let h(o) = 18*o**2 + 3*o - 2. Let q be h(2). Suppose 55 = 3*r - 2*m, 2*r - 4*m - q = -2*r. Let u = r + -8. What is the units digit of u?
9
Suppose -3*s + 0*z + 696 = -3*z, -4*s + 5*z + 926 = 0. What is the tens digit of s?
3
Suppose 3*s + 0*s = 3. What is the tens digit of (11/4)/(s/4)?
1
Suppose 0 = -5*v + 4*x - 3*x + 19, -4*v + 2*x = -14. Suppose v*u = 2*u + 10. Suppose u*z + 6 = -3*m + 4, -2*m - 1 = 3*z. What is the units digit of m?
1
Suppose -k = 2*m - 200, -580 = -4*k + k + 4*m. What is the tens digit of k?
9
What is the tens digit of (-132)/(-5 - -1) - 3?
3
Let p(b) = b**2 + b - 3. Let f be p(-3). Let x(u) = -u**3 - 2*u + 6. Let r be x(-3). What is the tens digit of (r/1)/f - 1?
1
Let b(p) = -8*p - 1. Let q be b(-4). Let r be (-2 - q)/(3/(-2)). Let z = -13 + r. What is the units digit of z?
9
Let b be 26*(-2)/(-8)*2. Suppose 3*n - b - 29 = 0. What is the units digit of n?
4
Let d be 0 - -2 - 1 - 31. What is the units digit of (-246)/d - 2/10?
8
Let b = 7 - 16. Let y = 18 + b. Let u = -7 + y. What is the units digit of u?
2
Let g(x) = x**3 + 4*x**2 + 15. What is the tens digit of g(5)?
4
Let a be 410/30 - (-2)/6. What is the units digit of 2*3/4*a?
1
Let w(g) = g - 2. Let r be w(0). Let b be (4/3)/(r/(-6)). Let c = b + 8. What is the units digit of c?
2
Let f(h) = -h**3 + h**2 - h + 92. What is the units digit of f(0)?
2
Let j = 12 + -7. Suppose 35 = -j*c - 25. Let i = -5 - c. What is the units digit of i?
7
Suppose h - 15 + 10 = 0. What is the units digit of h?
5
Let j(m) = -m**3 + 9*m**2 - 9*m + 6. Let s be j(8). What is the units digit of 5*s*(-2)/4?
5
Suppose 0 = -8*r + 3*r. Suppose b = -o + 4, -5*b + r*b + o = -44. What is the units digit of b?
8
Let b be 40/(-22) + 12/(-66). What is the units digit of (-33)/b - 12/(-8)?
8
Let c(p) = -p**3 - 5*p**2 + 7*p + 7. Suppose -g + 0*x - 8 = 2*x, -3*x = -2*g - 9. Let r be ((-8)/g)/(2/(-9)). What is the units digit of c(r)?
1
Suppose -q + 2 = 3. Let r = -1 - q. Suppose 2*c - 3*c + 6 = r. What is the units digit of c?
6
Let j(n) = 15*n - 32. What is the hundreds digit of j(13)?
1
Suppose -4*x - 36 = -10*x. Suppose x = l + 2*l. What is the units digit of l?
2
Suppose l = 5*l - 44. Let p = -1 + l. What is the tens digit of p?
1
Let v = 39 - 27. What is the units digit of v?
2
Let p(a) = -a**3 - 10*a**2 + 4*a - 25. What is the tens digit of p(-11)?
5
What is the units digit of (0 + -9)*17/(-3)?
1
Let s(b) = -b**3 - 2*b**2 - 4*b - 2. What is the units digit of s(-4)?
6
Let y(h) = 6*h**3 - 9*h**2 + 3*h. Suppose -3*w - 7 = -4. Let o(z) = z**3 - z**2. Let g(r) = w*y(r) + 5*o(r). What is the units digit of g(2)?
2
Let o be (9/9)/(2/228). Suppose 5*k + 24 = o. What is the tens digit of k?
1
Let w(s) = -s**2 + 13*s - 11. What is the units digit of w(10)?
9
Let p be (-205)/(-2) + 33/22. Suppose -3*d + v = -p, 3*d + d + v - 134 = 0. What is the units digit of d?
4
Let g(c) = c**3 + 7*c**2 + 4*c - 12. Let w be g(-6). Let u = 11 + w. What is the tens digit of u?
1
Let o = 7 - 2. Suppose -k + 55 = 2*k - o*w, 5*w = 5*k - 105. What is the tens digit of k?
2
Let k(c) = 5*c - 4. Suppose 0 = -3*l + 10 + 5. What is the units digit of k(l)?
1
Let x(l) = -2*l - 4. Let y(p) = p**3 - 3*p**3 + 0 + 2 + 2*p**2. Let g be y(2). What is the units digit of x(g)?
8
Let z = 4 + 0. Suppose -2*h + y = -3, -y = z*h - h - 17. What is the units digit of h?
4
Suppose -8 = 2*o, 0 = -4*a - 3*o - 29 + 5. Let c(d) = d**3 + 2*d**2 - 4*d - 1. Let s be c(a). Suppose -12 = -2*k + s. What is the units digit of k?
7
Suppose 2*p - 6 = -0. Suppose p*q + 15 = 0, 5*a + 10 = -2*q - 3*q. Let i = a + -1. What is the units digit of i?
2
Suppose 3*v - 4*v = 0. Suppose v*t - 52 = -4*t. What is the units digit of (-2)/1 - (5 - t)?
6
Let l(r) = 3*r. Let x be l(1). Suppose x*k + 0 = 12. Suppose -a - 9 = 2*a, a = -g + k. What is the units digit of g?
7
Let u(v) = v**2 + 2*v - 12. Let h(q) = -q - 1. Let c(p) = -3*h(p) + u(p). What is the units digit of c(-7)?
5
What is the units digit of -5*(-1)/(10/12)?
6
Suppose 0 = 3*c - 5 - 4. Suppose 5 = c*t - 10. Let j(z) = -z**2 + 4*z + 7. What is the units digit of j(t)?
2
Let d = -47 - -119. What is the units digit of d?
2
Let u be -20*2/(-15)*3. Suppose -2*s - 4 = h, 24 - u = 2*s - 4*h. Let i = 9 + s. What is the units digit of i?
9
Let t(g) be the second derivative of -g**3/6 - 3*g. What is the units digit of t(-7)?
7
Let y = -13 + 17. What is the units digit of y?
4
What is the tens digit of (92*4/8)/(4/6)?
6
Suppose 4*s - 5*r = -1, -4*s = 2*r - 39 + 5. Suppose n = s*n - 75. What is the tens digit of n?
1
Suppose -2*w + n + 38 = 0, -w = -0*w - 3*n - 14. What is the units digit of w?
0
Let b be -1*(0 - -1)*6. Let c(q) be the first derivative of -q**4/4 - 2*q**3 + 5*q - 1. What is the units digit of c(b)?
5
Let q(b) = -b**2 - 8*b - 9. Let z be q(-6). Suppose -z*j + 4*j = 0. What is the tens digit of 1 + -3 + (13 - j)?
1
Suppose 0*m - 2*m = 0. Suppose -t + 3*k = -22, 2*t - 3*k + 0*k - 29 = m. What is the units digit of t?
7
Let w(i) = -i + 8. Suppose 0 = 5*j + 5 - 20. Suppose -5*g - 57 = j. What is the units digit of w(g)?
0
Let a = -17 + 11. Let h = 6 + a. What is the units digit of ((-2)/6 + h)*-27?
9
Suppose -3*j - j = -44. Let v = -7 + j. Let t = v - 3. What is the units digit of t?
1
Let l(b) = -b + 7. Let k be l(0). Let q = 5 + k. What is the units digit of q?
2
Let t(f) be the first derivative of f**4 + 2*f**3/3 - f**2 + 2*f + 1. What is the tens digit of t(2)?
3
Suppose 2*q + q - 15 = 0. Suppose -5 + 16 = -a - q*z, -a + 4*z + 16 = 0. Suppose 9 + 18 = 3*u - 3*c, a*u = 5*c + 33. What is the tens digit of u?
1
Let i(k) = -7*k - 4. Let y(l) = 3*l + 2. Let h(d) = 2*i(d) + 5*y(d). Suppose 0 = 3*z - 3*g - 30, 5 = 2*z + 2*g + 1. What is the units digit of h(z)?
8
Let u(r) = 7*r**3 - 8*r**2 + 8*r - 6. Let h(w) = -10*w**3 + 12*w**2 - 12*w + 9. Let p(d) = -5*h(d) - 7*u(d). What is the units digit of p(4)?
3
Let r(c) = c**3 - 4*c**2 - 6*c - 1. Let i be r(5). What is the units digit of 3/i + 38/4?
9
Suppose 3*j + 3*o - 18 = 0, -5*o - 21 = -5*j - o. Suppose j*p + 3*r = 2*p + 69, -22 = -2*p + 4*r. What is the units digit of p?
9
Suppose 0*n + 3*n = 0. Let m be (n*(-1)/2)/1. Suppose m = -5*y + 40 + 25. What is the tens digit of y?
1
Suppose 6 = 2*p - 3*k - 17, -3*k + 3 = 0. What is the units digit of p?
3
Let a = -6 - -19. What is the tens digit of a?
1
Suppose 57*c = 62*c - 310. What is the tens digit of c?
6
Let z(n) = n - 4. Let l be z(5). What is the units digit of (-9)/6*-2 + l?
4
Let j = 52 + -15. Suppose -4*t + 179 = -j. What is the units digit of t?
4
Let g be (0 + -3 - -4)*0. Suppose g = 4*y - 0*y - 68. What is the units digit of y?
7
Let y(c) = 3*c - 17. Suppose 0 = -v + 6 + 5. Let a(j) = 8*j - 50. Let o(n) = v*y(n) - 4*a(n). What is the units digit of o(-6)?
7
Let v be 8/(-28) - (-10)/(-14). What is the units digit of v/((-3)/6) - 0?
2
Let r = 17 - -1. What is the units digit of r?
8
Let b(c) = c**2 + 4*c + 1. Let t be b(-5). Suppose 0 = -3*k + 2*m + 45, t = -5*m - 9. Suppose 5*w = 47 + k. What is the units digit of w?
2
Let p(s) = -s**2 + 6*s - 7. Let n be p(5). Let x be n/4 + 117/(-6). What is the units digit of (6/(-15))/(2/x)?
4
Suppose r + 4 + 2 = 0. What is the units digit of ((-14)/21)/(4/r)?
1
Let x(o) = 5*o + 24. What is the units digit of x(6)?
4
What is the units digit of (217 - 0) + 1 + -1?
7
Suppose 5 = -5*y, -4*k + 270 = 2*y + 28. What is the tens digit of k?
6
Suppose -2*p - a + 3 = -0, -5*p + 5*a = 0. Let b be -1 + p/((-2)/(-10)). Suppose -b*j + 0*w + 56 = -2*w, -4*j - w = -50. What is the tens digit of j?
1
Suppose 2*o = 10 - 0. Suppose -o*p = -9*p + 4. What is the units digit of p?
1
Let z = 204 - 153. What is the tens digit of z?
5
Let n = 4 + -2. What is the units digit of 2 - -2 - (-82)/n?
5
Let m = 13 - 1. What is the units digit of m?
2
Let f = -13 - -9. Let n = -7 - f. What is the units digit of -2 - n/((-3)/(-4))?
2
Let z(c) = 9*c**2 + 2*c - 3. What is the units digit of z(2)?
7
Let r = 90 - 23. What is the units digit of r?
7
What is the tens digit of 588/10 + (-12)/15?
5
Suppose 0 = -3*d + j + 15, -